{"id":753,"date":"2022-10-14T12:24:07","date_gmt":"2022-10-14T10:24:07","guid":{"rendered":"https:\/\/www.drmeunier.be\/?page_id=753"},"modified":"2024-11-16T16:07:34","modified_gmt":"2024-11-16T15:07:34","slug":"camille-ranc","status":"publish","type":"page","link":"https:\/\/www.drmeunier.be\/fr\/equipe\/camille-ranc\/","title":{"rendered":"Madame Camille Ranc vous re\u00e7oit dans le cabinet priv\u00e9 du Dr Meunier"},"content":{"rendered":"<div class=\"wpb-content-wrapper\"><p>[vc_row heading_color=\u00a0\u00bbprimary-1&Prime; padding_top_multiplier=\u00a0\u00bb3x\u00a0\u00bb padding_bottom_multiplier=\u00a0\u00bb3x\u00a0\u00bb][vc_column width=\u00a0\u00bb1\/2&Prime; tablet_sm_text_align=\u00a0\u00bbcenter\u00a0\u00bb mobile_text_align=\u00a0\u00bbcenter\u00a0\u00bb]<h3 class=\"grve-element grve-title grve-align-right grve-h5\" style=\"\"><span><a class=\"grve-text-primary-2\"><span class=\"grve-text-primary-1\">01.<\/span> Orthoptie<\/a><\/span><\/h3><h3 class=\"grve-element grve-title grve-align-right grve-h5\" style=\"\"><span><a class=\"grve-text-primary-2\"><span class=\"grve-text-primary-1\">02.<\/span> D\u00e9pistages visuels<\/a><br \/>\n<\/span><\/h3><h3 class=\"grve-element grve-title grve-align-right grve-h5\" style=\"\"><span><a class=\"grve-text-primary-2\"><span class=\"grve-text-primary-1\">03.<\/span> Traitement de l\u2019amblyopie<\/a><\/span><\/h3>[\/vc_column][vc_column width=\u00a0\u00bb1\/2&Prime;][\/vc_column][vc_column]<div class=\"grve-empty-space grve-height-1x\" style=\"\"><\/div>[\/vc_column][vc_column tablet_sm_text_align=\u00a0\u00bbcenter\u00a0\u00bb mobile_text_align=\u00a0\u00bbcenter\u00a0\u00bb z_index=\u00a0\u00bb10&Prime;]<h2 class=\"grve-element grve-title grve-align-center grve-h3 grve-increase-heading grve-heading-200\" style=\"\"><span>Camille Ranc<span class=\"grve-title-line grve-bg-primary-1\" style=\"width: 50px;height: 2px;\"><\/span><\/span><\/h2>[\/vc_column][vc_column]<div class=\"grve-empty-space grve-height-1x\" style=\"\"><\/div>[\/vc_column][vc_column width=\u00a0\u00bb1\/4&Prime; tablet_sm_width=\u00a0\u00bbhide\u00a0\u00bb mobile_width=\u00a0\u00bbhide\u00a0\u00bb][\/vc_column][vc_column width=\u00a0\u00bb1\/4&Prime; tablet_sm_width=\u00a0\u00bb1-2&Prime; tablet_sm_text_align=\u00a0\u00bbcenter\u00a0\u00bb mobile_text_align=\u00a0\u00bbcenter\u00a0\u00bb][vc_column_text]<\/p>\n<p style=\"text-align: right;\">La grande exp\u00e9rience professionnelle de Madame Ranc l\u2019a amen\u00e9 \u00e0 se sp\u00e9cialiser dans le suivi des strabismes et le bilan pr\u00e9 et post op\u00e9ratoire de ces chirurgies.<\/p>\n<p>[\/vc_column_text]<div class=\"grve-empty-space grve-height-1x\" style=\"\"><\/div><div class=\"grve-element grve-align-right\"><a href=\"https:\/\/progenda.be\/calendars\/ranc-camille-orthoptiste-oisquercq\" target=\"_blank\" rel=\"noopener noreferrer\" class=\"grve-btn grve-btn-medium grve-square grve-bg-primary-1 grve-bg-hover-primary-2\"><span>Prendre rendez-vous<\/span><\/a><\/div>[\/vc_column][vc_column column_effect=\u00a0\u00bbvertical-parallax\u00a0\u00bb column_effect_limit=\u00a0\u00bbnone\u00a0\u00bb width=\u00a0\u00bb1\/4&Prime; tablet_sm_width=\u00a0\u00bb1-2&Prime; css=\u00a0\u00bb.vc_custom_1606387214291{padding-top: 50px !important;}\u00a0\u00bb]<div class=\"grve-element grve-image grve-align-center\" style=\"\">  <div class=\"grve-image-wrapper\"><img decoding=\"async\" width=\"560\" height=\"747\" src=\"https:\/\/www.drmeunier.be\/wp-content\/uploads\/2022\/10\/camille-ranc-560x747.jpg\" class=\"attachment-movedo-grve-small-rect-vertical size-movedo-grve-small-rect-vertical\" alt=\"Camille Ranc Madame Camille Ranc Orthoptiste\" srcset=\"https:\/\/www.drmeunier.be\/wp-content\/uploads\/2022\/10\/camille-ranc.jpg 560w, https:\/\/www.drmeunier.be\/wp-content\/uploads\/2022\/10\/camille-ranc-225x300.jpg 225w\" sizes=\"(max-width: 560px) 100vw, 560px\" \/>   <\/div><\/div>[\/vc_column][vc_column width=\u00a0\u00bb1\/4&Prime; tablet_sm_width=\u00a0\u00bbhide\u00a0\u00bb mobile_width=\u00a0\u00bbhide\u00a0\u00bb][\/vc_column][\/vc_row][vc_row heading_color=\u00a0\u00bbprimary-2&Prime; padding_bottom_multiplier=\u00a0\u00bb3x\u00a0\u00bb][vc_column width=\u00a0\u00bb1\/3&Prime;]<h2 class=\"grve-element grve-title grve-align-left grve-animated-item grve-duration-normal grve-fade-in grve-h2\" style=\"\" data-delay=\"200\"><span>Son parcours<\/span><\/h2>[\/vc_column][vc_column width=\u00a0\u00bb2\/3&Prime;][vc_column_text text_style=\u00a0\u00bbleader-text\u00a0\u00bb animation=\u00a0\u00bbgrve-fade-in-up\u00a0\u00bb animation_delay=\u00a0\u00bb220&Prime;]Madame Ranc a \u00e9tudi\u00e9 en France \u00e0 l\u2019universit\u00e9 d\u2019Aix-Marseille II. Elle fait partie de l\u2019\u00e9quipe du CHU Saint-Pierre de Bruxelles o\u00f9 elle r\u00e9alise les d\u00e9pistages visuels et traitement de l\u2019amblyopie. Sa grande exp\u00e9rience professionnelle l\u2019a amen\u00e9 \u00e0 se sp\u00e9cialiser dans le suivi des strabismes et le bilan pr\u00e9 et post op\u00e9ratoire de ces chirurgies. [\/vc_column_text]<div class=\"grve-empty-space grve-height-1x\" style=\"\"><\/div>[vc_column_text text_style=\u00a0\u00bbleader-text\u00a0\u00bb animation=\u00a0\u00bbgrve-fade-in-up\u00a0\u00bb animation_delay=\u00a0\u00bb240&Prime;]Avec le <a href=\"\/fr\/equipe\/maureen-masset\/\">Docteur Masset<\/a> ophtalmologue chirurgienne en strabologie, elle forme une \u00e9quipe de pointe pour la prise en charge chirurgicale et non chirurgicale du strabisme de l\u2019enfant et l\u2019adulte.[\/vc_column_text][\/vc_column][\/vc_row][vc_row heading_color=\u00a0\u00bbprimary-2&Prime; disable_element=\u00a0\u00bbyes\u00a0\u00bb padding_top_multiplier=\u00a0\u00bb\u00a0\u00bb padding_bottom_multiplier=\u00a0\u00bb2x\u00a0\u00bb][vc_column width=\u00a0\u00bb1\/3&Prime;]<h2 class=\"grve-element grve-title grve-align-left grve-animated-item grve-duration-normal grve-fade-in grve-h2\" style=\"\" data-delay=\"200\"><span>Fi\u00e8rement membre<\/span><\/h2>[\/vc_column][vc_column width=\u00a0\u00bb2\/3&Prime;][vc_column_text text_style=\u00a0\u00bbleader-text\u00a0\u00bb animation=\u00a0\u00bbgrve-fade-in-up\u00a0\u00bb animation_delay=\u00a0\u00bb220&Prime;]<\/p>\n<ul>\n<li>Membre de la Soci\u00e9t\u00e9 Belge d\u2019Ophtalmologie<\/li>\n<li>Membre de la Belgian Retina Society<\/li>\n<li>Membre de l\u2019European Society of Retina Specialists<\/li>\n<\/ul>\n<p>[\/vc_column_text][\/vc_column][\/vc_row][vc_row disable_element=\u00a0\u00bbyes\u00a0\u00bb padding_top_multiplier=\u00a0\u00bb\u00a0\u00bb padding_bottom_multiplier=\u00a0\u00bb3x\u00a0\u00bb][vc_column]<div class=\"grve-element grve-divider\" style=\"padding-bottom: 60px;\"><div class=\"grve-line-divider grve-border\"><\/div><\/div><blockquote class=\"grve-element grve-animated-item grve-fade-in-up grve-duration-normal grve-align-center\" style=\"\" data-delay=\"200\"><p>Nous sommes donc ravis que le Docteur Masset apporte son expertise clinique et chirurgicale en strabisme ainsi que son dynamisme au sein de notre \u00e9quipe.<\/p><\/blockquote>[\/vc_column][\/vc_row]<\/p>\n<\/div>","protected":false},"excerpt":{"rendered":"<p>[vc_row heading_color=\u00a0\u00bbprimary-1&Prime; padding_top_multiplier=\u00a0\u00bb3x\u00a0\u00bb padding_bottom_multiplier=\u00a0\u00bb3x\u00a0\u00bb][vc_column width=\u00a0\u00bb1\/2&Prime; tablet_sm_text_align=\u00a0\u00bbcenter\u00a0\u00bb mobile_text_align=\u00a0\u00bbcenter\u00a0\u00bb][\/vc_column][vc_column width=\u00a0\u00bb1\/2&Prime;][\/vc_column][vc_column][\/vc_column][vc_column tablet_sm_text_align=\u00a0\u00bbcenter\u00a0\u00bb mobile_text_align=\u00a0\u00bbcenter\u00a0\u00bb z_index=\u00a0\u00bb10&Prime;][\/vc_column][vc_column][\/vc_column][vc_column width=\u00a0\u00bb1\/4&Prime; tablet_sm_width=\u00a0\u00bbhide\u00a0\u00bb mobile_width=\u00a0\u00bbhide\u00a0\u00bb][\/vc_column][vc_column width=\u00a0\u00bb1\/4&Prime; tablet_sm_width=\u00a0\u00bb1-2&Prime; tablet_sm_text_align=\u00a0\u00bbcenter\u00a0\u00bb mobile_text_align=\u00a0\u00bbcenter\u00a0\u00bb][vc_column_text] La grande exp\u00e9rience professionnelle de Madame Ranc l\u2019a amen\u00e9 \u00e0 se sp\u00e9cialiser dans le suivi des strabismes et le bilan pr\u00e9 et post op\u00e9ratoire de ces chirurgies. [\/vc_column_text][\/vc_column][vc_column column_effect=\u00a0\u00bbvertical-parallax\u00a0\u00bb column_effect_limit=\u00a0\u00bbnone\u00a0\u00bb width=\u00a0\u00bb1\/4&Prime; tablet_sm_width=\u00a0\u00bb1-2&Prime; css=\u00a0\u00bb.vc_custom_1606387214291{padding-top: 50px !important;}\u00a0\u00bb][\/vc_column][vc_column width=\u00a0\u00bb1\/4&Prime; tablet_sm_width=\u00a0\u00bbhide\u00a0\u00bb [&hellip;]<\/p>\n","protected":false},"author":1,"featured_media":0,"parent":616,"menu_order":0,"comment_status":"closed","ping_status":"closed","template":"","meta":{"inline_featured_image":false,"footnotes":""},"class_list":["post-753","page","type-page","status-publish","hentry"],"_links":{"self":[{"href":"https:\/\/www.drmeunier.be\/fr\/wp-json\/wp\/v2\/pages\/753","targetHints":{"allow":["GET"]}}],"collection":[{"href":"https:\/\/www.drmeunier.be\/fr\/wp-json\/wp\/v2\/pages"}],"about":[{"href":"https:\/\/www.drmeunier.be\/fr\/wp-json\/wp\/v2\/types\/page"}],"author":[{"embeddable":true,"href":"https:\/\/www.drmeunier.be\/fr\/wp-json\/wp\/v2\/users\/1"}],"replies":[{"embeddable":true,"href":"https:\/\/www.drmeunier.be\/fr\/wp-json\/wp\/v2\/comments?post=753"}],"version-history":[{"count":2,"href":"https:\/\/www.drmeunier.be\/fr\/wp-json\/wp\/v2\/pages\/753\/revisions"}],"predecessor-version":[{"id":757,"href":"https:\/\/www.drmeunier.be\/fr\/wp-json\/wp\/v2\/pages\/753\/revisions\/757"}],"up":[{"embeddable":true,"href":"https:\/\/www.drmeunier.be\/fr\/wp-json\/wp\/v2\/pages\/616"}],"wp:attachment":[{"href":"https:\/\/www.drmeunier.be\/fr\/wp-json\/wp\/v2\/media?parent=753"}],"curies":[{"name":"wp","href":"https:\/\/api.w.org\/{rel}","templated":true}]}}

Madame Camille Ranc vous reçoit dans le cabinet privé du Dr Meunier

<div class="wpb-content-wrapper"><p>[vc_row heading_color= »primary-1&Prime; padding_top_multiplier= »3x » padding_bottom_multiplier= »3x »][vc_column width= »1/2&Prime; tablet_sm_text_align= »center » mobile_text_align= »center »]<h3 class="grve-element grve-title grve-align-right grve-h5" style=""><span><a class="grve-text-primary-2"><span class="grve-text-primary-1">01.</span> Orthoptie</a></span></h3><h3 class="grve-element grve-title grve-align-right grve-h5" style=""><span><a class="grve-text-primary-2"><span class="grve-text-primary-1">02.</span> Dépistages visuels</a><br />
</span></h3><h3 class="grve-element grve-title grve-align-right grve-h5" style=""><span><a class="grve-text-primary-2"><span class="grve-text-primary-1">03.</span> Traitement de l’amblyopie</a></span></h3>[/vc_column][vc_column width= »1/2&Prime;][/vc_column][vc_column]<div class="grve-empty-space grve-height-1x" style=""></div>[/vc_column][vc_column tablet_sm_text_align= »center » mobile_text_align= »center » z_index= »10&Prime;]<h2 class="grve-element grve-title grve-align-center grve-h3 grve-increase-heading grve-heading-200" style=""><span>Camille Ranc<span class="grve-title-line grve-bg-primary-1" style="width: 50px;height: 2px;"></span></span></h2>[/vc_column][vc_column]<div class="grve-empty-space grve-height-1x" style=""></div>[/vc_column][vc_column width= »1/4&Prime; tablet_sm_width= »hide » mobile_width= »hide »][/vc_column][vc_column width= »1/4&Prime; tablet_sm_width= »1-2&Prime; tablet_sm_text_align= »center » mobile_text_align= »center »][vc_column_text]</p>
<p style="text-align: right;">La grande expérience professionnelle de Madame Ranc l’a amené à se spécialiser dans le suivi des strabismes et le bilan pré et post opératoire de ces chirurgies.</p>
<p>[/vc_column_text]<div class="grve-empty-space grve-height-1x" style=""></div><div class="grve-element grve-align-right"><a href="https://progenda.be/calendars/ranc-camille-orthoptiste-oisquercq" target="_blank" rel="noopener noreferrer" class="grve-btn grve-btn-medium grve-square grve-bg-primary-1 grve-bg-hover-primary-2"><span>Prendre rendez-vous</span></a></div>[/vc_column][vc_column column_effect= »vertical-parallax » column_effect_limit= »none » width= »1/4&Prime; tablet_sm_width= »1-2&Prime; css= ».vc_custom_1606387214291{padding-top: 50px !important;} »]<div class="grve-element grve-image grve-align-center" style="">  <div class="grve-image-wrapper"><img decoding="async" width="560" height="747" src="https://www.drmeunier.be/wp-content/uploads/2022/10/camille-ranc-560x747.jpg" class="attachment-movedo-grve-small-rect-vertical size-movedo-grve-small-rect-vertical" alt="Camille Ranc Madame Camille Ranc Orthoptiste" srcset="https://www.drmeunier.be/wp-content/uploads/2022/10/camille-ranc.jpg 560w, https://www.drmeunier.be/wp-content/uploads/2022/10/camille-ranc-225x300.jpg 225w" sizes="(max-width: 560px) 100vw, 560px" />   </div></div>[/vc_column][vc_column width= »1/4&Prime; tablet_sm_width= »hide » mobile_width= »hide »][/vc_column][/vc_row][vc_row heading_color= »primary-2&Prime; padding_bottom_multiplier= »3x »][vc_column width= »1/3&Prime;]<h2 class="grve-element grve-title grve-align-left grve-animated-item grve-duration-normal grve-fade-in grve-h2" style="" data-delay="200"><span>Son parcours</span></h2>[/vc_column][vc_column width= »2/3&Prime;][vc_column_text text_style= »leader-text » animation= »grve-fade-in-up » animation_delay= »220&Prime;]Madame Ranc a étudié en France à l’université d’Aix-Marseille II. Elle fait partie de l’équipe du CHU Saint-Pierre de Bruxelles où elle réalise les dépistages visuels et traitement de l’amblyopie. Sa grande expérience professionnelle l’a amené à se spécialiser dans le suivi des strabismes et le bilan pré et post opératoire de ces chirurgies. [/vc_column_text]<div class="grve-empty-space grve-height-1x" style=""></div>[vc_column_text text_style= »leader-text » animation= »grve-fade-in-up » animation_delay= »240&Prime;]Avec le <a href="/fr/equipe/maureen-masset/">Docteur Masset</a> ophtalmologue chirurgienne en strabologie, elle forme une équipe de pointe pour la prise en charge chirurgicale et non chirurgicale du strabisme de l’enfant et l’adulte.[/vc_column_text][/vc_column][/vc_row][vc_row heading_color= »primary-2&Prime; disable_element= »yes » padding_top_multiplier= » » padding_bottom_multiplier= »2x »][vc_column width= »1/3&Prime;]<h2 class="grve-element grve-title grve-align-left grve-animated-item grve-duration-normal grve-fade-in grve-h2" style="" data-delay="200"><span>Fièrement membre</span></h2>[/vc_column][vc_column width= »2/3&Prime;][vc_column_text text_style= »leader-text » animation= »grve-fade-in-up » animation_delay= »220&Prime;]</p>
<ul>
<li>Membre de la Société Belge d’Ophtalmologie</li>
<li>Membre de la Belgian Retina Society</li>
<li>Membre de l’European Society of Retina Specialists</li>
</ul>
<p>[/vc_column_text][/vc_column][/vc_row][vc_row disable_element= »yes » padding_top_multiplier= » » padding_bottom_multiplier= »3x »][vc_column]<div class="grve-element grve-divider" style="padding-bottom: 60px;"><div class="grve-line-divider grve-border"></div></div><blockquote class="grve-element grve-animated-item grve-fade-in-up grve-duration-normal grve-align-center" style="" data-delay="200"><p>Nous sommes donc ravis que le Docteur Masset apporte son expertise clinique et chirurgicale en strabisme ainsi que son dynamisme au sein de notre équipe.</p></blockquote>[/vc_column][/vc_row]</p>
</div>

<p>[vc_row heading_color= »primary-1&Prime; padding_top_multiplier= »3x » padding_bottom_multiplier= »3x »][vc_column width= »1/2&Prime; tablet_sm_text_align= »center » mobile_text_align= »center »][/vc_column][vc_column width= »1/2&Prime;][/vc_column][vc_column][/vc_column][vc_column tablet_sm_text_align= »center » mobile_text_align= »center » z_index= »10&Prime;][/vc_column][vc_column][/vc_column][vc_column width= »1/4&Prime; tablet_sm_width= »hide » mobile_width= »hide »][/vc_column][vc_column width= »1/4&Prime; tablet_sm_width= »1-2&Prime; tablet_sm_text_align= »center » mobile_text_align= »center »][vc_column_text] La grande expérience professionnelle de Madame Ranc l’a amené à se spécialiser dans le suivi des strabismes et le bilan pré et post opératoire de ces chirurgies. [/vc_column_text][/vc_column][vc_column column_effect= »vertical-parallax » column_effect_limit= »none » width= »1/4&Prime; tablet_sm_width= »1-2&Prime; css= ».vc_custom_1606387214291{padding-top: 50px !important;} »][/vc_column][vc_column width= »1/4&Prime; tablet_sm_width= »hide » [&hellip;]</p>
