{"version":"1.0","provider_name":"Dr Audrey Meunier","provider_url":"https:\/\/www.drmeunier.be\/fr\/","title":"Congr\u00e8s coalition USHER 2018 - Dr Audrey Meunier","type":"rich","width":600,"height":338,"html":"<blockquote class=\"wp-embedded-content\" data-secret=\"RlWfy3rspP\"><a href=\"https:\/\/www.drmeunier.be\/fr\/congres-coalition-usher-2018\/\">Congr\u00e8s coalition USHER 2018<\/a><\/blockquote><iframe sandbox=\"allow-scripts\" security=\"restricted\" src=\"https:\/\/www.drmeunier.be\/fr\/congres-coalition-usher-2018\/embed\/#?secret=RlWfy3rspP\" width=\"600\" height=\"338\" title=\"\u00ab\u00a0Congr\u00e8s coalition USHER 2018\u00a0\u00bb &#8212; Dr Audrey Meunier\" data-secret=\"RlWfy3rspP\" frameborder=\"0\" marginwidth=\"0\" marginheight=\"0\" scrolling=\"no\" class=\"wp-embedded-content\"><\/iframe><script type=\"text\/javascript\">\n\/* <![CDATA[ *\/\n\/*! This file is auto-generated *\/\n!function(d,l){\"use strict\";l.querySelector&&d.addEventListener&&\"undefined\"!=typeof URL&&(d.wp=d.wp||{},d.wp.receiveEmbedMessage||(d.wp.receiveEmbedMessage=function(e){var t=e.data;if((t||t.secret||t.message||t.value)&&!\/[^a-zA-Z0-9]\/.test(t.secret)){for(var s,r,n,a=l.querySelectorAll('iframe[data-secret=\"'+t.secret+'\"]'),o=l.querySelectorAll('blockquote[data-secret=\"'+t.secret+'\"]'),c=new RegExp(\"^https?:$\",\"i\"),i=0;i<o.length;i++)o[i].style.display=\"none\";for(i=0;i<a.length;i++)s=a[i],e.source===s.contentWindow&&(s.removeAttribute(\"style\"),\"height\"===t.message?(1e3<(r=parseInt(t.value,10))?r=1e3:~~r<200&&(r=200),s.height=r):\"link\"===t.message&&(r=new URL(s.getAttribute(\"src\")),n=new URL(t.value),c.test(n.protocol))&&n.host===r.host&&l.activeElement===s&&(d.top.location.href=t.value))}},d.addEventListener(\"message\",d.wp.receiveEmbedMessage,!1),l.addEventListener(\"DOMContentLoaded\",function(){for(var e,t,s=l.querySelectorAll(\"iframe.wp-embedded-content\"),r=0;r<s.length;r++)(t=(e=s[r]).getAttribute(\"data-secret\"))||(t=Math.random().toString(36).substring(2,12),e.src+=\"#?secret=\"+t,e.setAttribute(\"data-secret\",t)),e.contentWindow.postMessage({message:\"ready\",secret:t},\"*\")},!1)))}(window,document);\n\/* ]]> *\/\n<\/script>\n","description":"[vc_row][vc_column][vc_column_text]En Europe, environ 17 000 personnes de tout \u00e2ges; nouveaux-n\u00e9s, enfants et adultes, en souffrent de nos jours. Elle repr\u00e9sente la premiere cause g\u00e9n\u00e9tique de surdit\u00e9 associ\u00e9e \u00e0 une c\u00e9cit\u00e9. Les premi\u00e8res descriptions cliniques datent de 1851 par les Messieurs Von Graefe et Liebreich et c&rsquo;est en 1914, que l&rsquo;ophtalmologue britanique Charles Usher lui donne [&hellip;]"}

Congrès coalition USHER 2018 - Dr Audrey Meunier

<blockquote class="wp-embedded-content" data-secret="RlWfy3rspP"><a href="https://www.drmeunier.be/fr/congres-coalition-usher-2018/">Congrès coalition USHER 2018</a></blockquote><iframe sandbox="allow-scripts" security="restricted" src="https://www.drmeunier.be/fr/congres-coalition-usher-2018/embed/#?secret=RlWfy3rspP" width="600" height="338" title="« Congrès coalition USHER 2018 » &#8212; Dr Audrey Meunier" data-secret="RlWfy3rspP" frameborder="0" marginwidth="0" marginheight="0" scrolling="no" class="wp-embedded-content"></iframe><script type="text/javascript">
/* <![CDATA[ */
/*! This file is auto-generated */
!function(d,l){"use strict";l.querySelector&&d.addEventListener&&"undefined"!=typeof URL&&(d.wp=d.wp||{},d.wp.receiveEmbedMessage||(d.wp.receiveEmbedMessage=function(e){var t=e.data;if((t||t.secret||t.message||t.value)&&!/[^a-zA-Z0-9]/.test(t.secret)){for(var s,r,n,a=l.querySelectorAll('iframe[data-secret="'+t.secret+'"]'),o=l.querySelectorAll('blockquote[data-secret="'+t.secret+'"]'),c=new RegExp("^https?:$","i"),i=0;i<o.length;i++)o[i].style.display="none";for(i=0;i<a.length;i++)s=a[i],e.source===s.contentWindow&&(s.removeAttribute("style"),"height"===t.message?(1e3<(r=parseInt(t.value,10))?r=1e3:~~r<200&&(r=200),s.height=r):"link"===t.message&&(r=new URL(s.getAttribute("src")),n=new URL(t.value),c.test(n.protocol))&&n.host===r.host&&l.activeElement===s&&(d.top.location.href=t.value))}},d.addEventListener("message",d.wp.receiveEmbedMessage,!1),l.addEventListener("DOMContentLoaded",function(){for(var e,t,s=l.querySelectorAll("iframe.wp-embedded-content"),r=0;r<s.length;r++)(t=(e=s[r]).getAttribute("data-secret"))||(t=Math.random().toString(36).substring(2,12),e.src+="#?secret="+t,e.setAttribute("data-secret",t)),e.contentWindow.postMessage({message:"ready",secret:t},"*")},!1)))}(window,document);
/* ]]> */
</script>

[vc_row][vc_column][vc_column_text]En Europe, environ 17 000 personnes de tout âges; nouveaux-nés, enfants et adultes, en souffrent de nos jours. Elle représente la premiere cause génétique de surdité associée à une cécité. Les premières descriptions cliniques datent de 1851 par les Messieurs Von Graefe et Liebreich et c&rsquo;est en 1914, que l&rsquo;ophtalmologue britanique Charles Usher lui donne [&hellip;]
